{"id":55,"date":"2022-03-09T19:01:18","date_gmt":"2022-03-09T18:01:18","guid":{"rendered":"http:\/\/sabapcs.cultura.gov.it\/?page_id=55"},"modified":"2024-09-18T15:07:01","modified_gmt":"2024-09-18T13:07:01","slug":"contatti","status":"publish","type":"page","link":"https:\/\/sabapcs.cultura.gov.it\/?page_id=55","title":{"rendered":"Contatti"},"content":{"rendered":"<p>COSENZA &#8211; PALAZZO VALDESI, Piazza Valdesi, 13 &#8211; 87100<\/p>\n<p>0984 75906 \/ 75907<\/p>\n<p>PEO: <a class=\"text-reset font-weight-normal\" href=\"mailto:%20sabap-cal@cultura.gov.it\">sabap-cal@cultura.gov.it<\/a><\/p>\n<p>PEC: <a class=\"text-reset font-weight-normal\" href=\"mailto:%20sabap-cal@pec.cultura.gov.it\">sabap-cal@pec.cultura.gov.it<\/a><\/p>\n<p>&nbsp;<\/p>\n<p>Eventuali criticit\u00e0 riscontrate nel sito di cui l\u2019amministrazione \u00e8 titolare, in termini di conformit\u00e0 ai principi di accessibilit\u00e0, o per avere un riscontro sulle informazioni inaccessibili e\/o per richiedere un adeguamento dei sistemi informatici a disposizione pu\u00f2 essere inoltrata apposita segnalazione direttamente a questa Amministrazione (come previsto dalla Legge 9 gennaio 2004, n. 4 aggiornata dal Decreto Legislativo 10 agosto 2018, n. 106, articolo 3-quater comma 2 lettera b) all\u2019indirizzo mail: sabap-cal@cultura.gov.it<\/p>\n","protected":false},"excerpt":{"rendered":"<p>COSENZA &#8211; PALAZZO VALDESI, Piazza Valdesi, 13 &#8211; 87100 0984 75906 \/ 75907 PEO: sabap-cal@cultura.<\/p>\n","protected":false},"author":2,"featured_media":0,"parent":0,"menu_order":0,"comment_status":"closed","ping_status":"closed","template":"","meta":{"footnotes":""},"tags":[],"class_list":["post-55","page","type-page","status-publish","hentry"],"_links":{"self":[{"href":"https:\/\/sabapcs.cultura.gov.it\/index.php?rest_route=\/wp\/v2\/pages\/55","targetHints":{"allow":["GET"]}}],"collection":[{"href":"https:\/\/sabapcs.cultura.gov.it\/index.php?rest_route=\/wp\/v2\/pages"}],"about":[{"href":"https:\/\/sabapcs.cultura.gov.it\/index.php?rest_route=\/wp\/v2\/types\/page"}],"author":[{"embeddable":true,"href":"https:\/\/sabapcs.cultura.gov.it\/index.php?rest_route=\/wp\/v2\/users\/2"}],"replies":[{"embeddable":true,"href":"https:\/\/sabapcs.cultura.gov.it\/index.php?rest_route=%2Fwp%2Fv2%2Fcomments&post=55"}],"version-history":[{"count":8,"href":"https:\/\/sabapcs.cultura.gov.it\/index.php?rest_route=\/wp\/v2\/pages\/55\/revisions"}],"predecessor-version":[{"id":683,"href":"https:\/\/sabapcs.cultura.gov.it\/index.php?rest_route=\/wp\/v2\/pages\/55\/revisions\/683"}],"wp:attachment":[{"href":"https:\/\/sabapcs.cultura.gov.it\/index.php?rest_route=%2Fwp%2Fv2%2Fmedia&parent=55"}],"wp:term":[{"taxonomy":"post_tag","embeddable":true,"href":"https:\/\/sabapcs.cultura.gov.it\/index.php?rest_route=%2Fwp%2Fv2%2Ftags&post=55"}],"curies":[{"name":"wp","href":"https:\/\/api.w.org\/{rel}","templated":true}]}}